what is -2b - 1?
-2c
In base 16, what is -3 + -10?
-13
In base 9, what is -3 - -10?
6
In base 9, what is -160 + 2?
-157
In base 6, what is -152 + -12?
-204
In base 16, what is -3 + -7?
-a
In base 11, what is 1 + -139?
-138
In base 10, what is 2408 + -18?
2390
In base 14, what is 3 + -98?
-95
In base 11, what is 8734 - 4?
8730
In base 7, what is 4 - 104?
-100
In base 9, what is 1 - -20?
21
In base 12, what is -3a - -13?
-27
In base 3, what is -1 - 100112?
-100120
In base 10, what is 258 + -3?
255
In base 10, what is -8 + -2?
-10
In base 4, what is -10 + 23333?
23323
In base 3, what is 1201 - 11?
1120
In base 16, what is -2a + -59?
-83
In base 2, what is 100 + -11001110001?
-11001101101
In base 10, what is -2 + -233?
-235
In base 3, what is 12022 + -11?
12011
In base 3, what is 1110 - -221?
2101
In base 4, what is -1 + -300210?
-300211
In base 10, what is -17 - 114?
-131
In base 8, what is -652 - 5?
-657
In base 5, what is -42 - -10?
-32
In base 15, what is -3 + -49?
-4c
In base 9, what is 4250 - 5?
4244
In base 15, what is -43 - 5?
-48
In base 10, what is 21 + -20?
1
In base 5, what is -2123 + -1?
-2124
In base 14, what is 55 + -7a?
-25
In base 12, what is -16 + 9?
-9
In base 6, what is -3513 - 20?
-3533
In base 14, what is -10 + 4?
-a
In base 11, what is -5 - -1445?
1440
In base 13, what is -1 + 25?
24
In base 8, what is 1 - -47?
50
In base 13, what is -4 - -3ca?
3c6
In base 6, what is -12 - -2552?
2540
In base 8, what is 0 + -234?
-234
In base 7, what is 21 + -131?
-110
In base 5, what is -10 - 124?
-134
In base 4, what is 2 + -1031?
-1023
In base 16, what is b + 4?
f
In base 5, what is 42404 - -4?
42413
In base 8, what is 4 - 125?
-121
In base 16, what is 65 - 4?
61
In base 15, what is -141 + -3?
-144
In base 14, what is -7 - a?
-13
In base 15, what is 2 - 2?
0
In base 14, what is 2a + 20?
4a
In base 2, what is 10000010 - -1?
10000011
In base 8, what is -3755 + 1?
-3754
In base 6, what is -310223 + 3?
-310220
In base 10, what is 2294 - -4?
2298
In base 10, what is -4 - 25?
-29
In base 13, what is -1 - 563?
-564
In base 8, what is 4302 - 5?
4275
In base 14, what is -278 + -16?
-290
In base 16, what is -24 - -f?
-15
In base 5, what is 141 + -24?
112
In base 10, what is -16 + -20?
-36
In base 10, what is -3 - -121?
118
In base 12, what is -496 + 7?
-48b
In base 3, what is 2002 - 11?
1221
In base 16, what is 5 + -1a9e?
-1a99
In base 6, what is 11 - 24?
-13
In base 10, what is -706 - -11?
-695
In base 9, what is 0 + -225?
-225
In base 14, what is -4 + 31b?
317
In base 2, what is -1111 - -1001000?
111001
In base 14, what is -4 + 1b?
17
In base 6, what is 14 - -302?
320
In base 14, what is -da6 + 2?
-da4
In base 13, what is 0 - -bcc?
bcc
In base 5, what is 0 + -214314?
-214314
In base 16, what is 1cf + 0?
1cf
In base 12, what is 2b0 - -5?
2b5
In base 6, what is 2 + 205?
211
In base 16, what is -1 + -7c4?
-7c5
In base 10, what is 132 + 8?
140
In base 9, what is -1 + 51?
50
In base 9, what is 8 - -8?
17
In base 12, what is -9 + -32?
-3b
In base 7, what is 446 - 20?
426
In base 13, what is 3 - 13?
-10
In base 3, what is -1 - -1201012?
1201011
In base 3, what is -22100021 + -11?
-22100102
In base 9, what is -1 - 48?
-50
In base 16, what is 1 + f?
10
In base 6, what is 24 + 501?
525
In base 13, what is -28 + 0?
-28
In base 11, what is 4 - 549?
-545
In base 5, what is 1 - -21?
22
In base 9, what is 7420 + -3?
7416
In base 13, what is 0 + -1c18?
-1c18
In base 8, what is -403 - -5?
-376
In base 5, what is -1243 - -3?
-1240
In base 15, what is -b + 940?
934
In base 15, what is -59b8 - 3?
-59bb
In base 5, what is 2 - 23300?
-23243
In base 7, what is -10 + -2305?
-2315
In base 9, what is 2030 - -2?
2032
In base 5, what is -20 - -3220?
3200
In base 7, what is -2 + -1005?
-1010
In base 8, what is 0 - -77?
77
In base 14, what is 22 - -1c?
40
In base 15, what is -4e - 12?
-61
In base 4, what is -32 - 313?
-1011
In base 13, what is -5 - a2?
-a7
In base 16, what is 3348 - -2?
334a
In base 12, what is -13 + 2b?
18
In base 12, what is 53 - 2?
51
In base 15, what is -5 + 58c?
587
In base 8, what is -30 - -12?
-16
In base 8, what is -1415 + -1?
-1416
In base 2, what is 101 - 101010?
-100101
In base 12, what is -6 - 14?
-1a
In base 4, what is -1 + -211?
-212
In base 12, what is 5 - -106?
10b
In base 10, what is -2 + 68?
66
In base 6, what is -325 - -31?
-254
In base 2, what is 10010 - 100010000?
-11111110
In base 13, what is 3bc + 5?
3c4
In base 6, what is 432 - 0?
432
In base 14, what is 7 - 36?
-2d
In base 10, what is -283 + 4?
-279
In base 4, what is -122302 - -2?
-122300
In base 7, what is 1361 + 4?
1365
In base 6, what is -1432 + 0?
-1432
In base 7, what is -1032 - -23?
-1006
In base 16, what is -5 + -296?
-29b
In base 16, what is 13 + -4?
f
In base 6, what is -1102 - 4?
-1110
In base 12, what is 3 + 46?
49
In base 8, what is 1 + 1?
2
In base 5, what is -30 + 1030?
1000
In base 10, what is -9 - -45?
36
In base 5, what is 2 - 1001?
-444
In base 8, what is 21 + -1114?
-1073
In base 13, what is 5162 + -1?
5161
In base 13, what is 4469 + 0?
4469
In base 5, what is -3 - 20300?
-20303
In base 5, what is -3 + 22?
14
In base 9, what is -27 + -4?
-32
In base 5, what is -1202 - 12?
-1214
In base 6, what is -111 + 4?
-103
In base 6, what is 22 + 24?
50
In base 5, what is -3000 + -13?
-3013
In base 13, what is 13 - 35?
-22
In base 14, what is 55 - 6c?
-17
In base 10, what is 988 - -2?
990
In base 2, what is -1101100 - 10?
-1101110
In base 15, what is 13 + 2bb?
2ce
In base 8, what is -3 - 21?
-24
In base 12, what is -62 + -6?
-68
In base 10, what is -72 - 68?
-140
In base 11, what is 1 + -7?
-6
In base 16, what is -5 - -18d?
188
In base 4, what is 32 - -22?
120
In base 7, what is -1 + 530?
526
In base 14, what is -3 - 22a?
-22d
In base 15, what is 1 - -5c?
5d
In base 3, what is 1 - 111?
-110
In base 2, what is 10 + 100001011100?
100001011110
In base 5, what is -1110 + 10?
-1100
In base 8, what is 1 + -300?
-277
In base 13, what is -357 - 0?
-357
In base 11, what is 155 + 4?
159
In base 10, what is 1 - 351?
-350
In base 16, what is 241 - -1e?
25f
In base 7, what is 1 + 442?
443
In base 8, what is 113 - -2?
115
In base 8, what is 1 - -1264?
1265
In base 7, what is 1665 + -4?
1661
In base 9, what is -2 - 83?
-85
In base 11, what is -29 + 37?
9
In base 13, what is 3 + 18?
1b
In base 13, what is -c + -8c?
-9b
In base 10, what is 766 + -1?
765
In base 2, what is 10000100 - 11?
10000001
In base 13, what is a + -6?
4
In base 16, what is -5 - 14e?
-153
In base 16, what is 102 - 5?
fd
In base 8, what is 2 - 3146?
-3144
In base 16, what is 7 - -c9?
d0
In base 2, what is 1 + -11010011?
-11010010
In base 9, what is 6477 + 3?
6481
In base 10, what is 8 - 38?
-30
In base 3, what is 11 - -22221?
100002
In base 8, what is -367 - -1?
-366
In base 2, what is -100 - 1110100?
-1111000
In base 16, what is a - 6?
4
In base 10, what is -26 + 36?
10
In base 3, what is 2210 + -12?
2121
In base 14, what is 0 - -3b7?
3b7
In base 11, what is -283 - 0?
-283
In base 16, what is 2 - -4?
6
In base 4, what is -3300 - -1013?
-2221
In base 16, what is ca + -2c?
9e
In base 3, what is -1000 + 10?
-220
In base 16, what is 7 - -14?
1b
In base 15, what is -5 - -5?
0
In base 7, what is -164 - -2?
-162
In base 5, what is 10433 - -1?
10434
In base 12, what is 3 - -232?
235
In base 14, what is 128b - 4?
1287
In base 11, what is 2 - -1656?
1658
In base 13, what is -14 - -9?
-8
In base 12, what is -96 - 0?
-96
In base 7, what is -254 - -4?
-250
In base 15, what is -4bb - -5?
-4b6
In base 4, what is -10311 - 2?
-10313
In base 8, what is 24 + -14?
10
In base 8, what is -103 - -7?
-74
In base 3, what is 1 + -211002?
-211001
In base 16, what is 2 - -34?
36
In base 11, what is -a2 - -5?
-98
In base 16, what is 3 + 0?
3
In base 8, what is 5154 - 2?
5152
In base 14, what is -1 + 6d?
6c
In base 15, what is 3 - 5ae?
-5ab
In base 3, what is 100 + 1100102?
1100202
In base 8, what is 22 + 134?
156
In base 7, what is 14351 + 2?
14353
In base 5, what is 1 - -233?
234
In base 10, what is 162 - 2?
160
In base 12, what is 337 - 5?
332
In base 11, what is 4 - -459?
462
In base 9, what is -187 - -23?
-164
In base 10, what is 3 + 400?
403
In base 5, what is -21 + -110?
-131
In base 8, what is -164 + -137?
-323
In base 16, what is -a7 + -5